*s - 186 = -4*k, -2*s - 11*k + 107 = -14*k. What is the remainder when 598 is divided by s?
18
Let v(j) = 3*j**3 + j**2 - 3*j + 1. Let n be v(2). Suppose -n*a = -22*a - 130. Calculate the remainder when a is divided by 6.
4
Suppose -57*k = -42*k - 25770. What is the remainder when k is divided by 41?
37
Let i be 40/10 - (0 - (0 - -2)). Calculate the remainder when (-6)/(-9)*888/4 is divided by 595/20 - (i/3)/(-8).
28
Let t(g) = g**2 - 5*g - 3. Let m be t(-1). Suppose 4*l = -4*o + 372, m*o - 143 = 3*l - 428. Calculate the remainder when l is divided by 7.
3
Suppose -4533 + 4815 = 6*b. Calculate the remainder when 296 is divided by b.
14
Let q = 268 + -53. Let m = -133 + q. What is the remainder when m is divided by 43?
39
Suppose 0 = 11*b + 15*b + 26. Let l(y) = 45*y**2 - 12*y - 10. Calculate the remainder when 183 is divided by l(b).
42
Let z = -17291 - -17315. Calculate the remainder when 453 is divided by z.
21
Calculate the remainder when 2*18/(-27) + (-1576)/(-12) is divided by 66.
64
Let b(m) = -m**2 + 5*m - 4. Let u be b(3). Let g be 4/8*(-32 - 8). What is the remainder when 18 is divided by (11/u)/((-10)/g)?
7
Let g(s) = -2*s - 1. Let n be g(-2). Suppose 19 = n*k - 14. What is the remainder when -2 - (-1 - -2) - -56 is divided by k?
9
Suppose 2*m = -4*b + b + 164, -4*m + b = -328. Let a = -157 + 157. Suppose a = 5*q + 45 - 185. Calculate the remainder when m is divided by q.
26
Suppose -6*a - 3*a = -27. Suppose -20 = y - a*y. Let g = y + 0. What is the remainder when 38 is divided by g?
8
Let k = 240 - 235. Suppose 4*n = -20, -k*x + 66 = 4*n - 4. Calculate the remainder when (3/(-6))/((-2)/200) is divided by x.
14
Suppose p - 44 = -4*j, -85*j + 83*j + 3*p = -50. What is the remainder when 90 is divided by j?
12
Suppose q = -4*h - 17, 0*h + 4*h = 5*q - 35. Suppose 3*p = -5*a + 53, 8*a - 5*p - 45 = q*a. What is the remainder when (1/4)/((-42)/(-6552)) is divided by a?
9
Suppose -16*n + 16089 = 15*n. Let v = -938 - -978. What is the remainder when n is divided by v?
39
Let i = -226 + 226. Suppose i = 7*k - 19*k + 192. What is the remainder when 125 is divided by k?
13
Let y(r) = r**3 + 17*r**2 + 2. Let w be y(-17). Let q be w/((-26)/(-351)*3/17). Let b = q - 56. Calculate the remainder when b is divided by 33.
31
Suppose -13*q + 59 = -32. Let z(m) = -m**3 - 11*m**2 - 11*m - 12. Let k be z(-10). What is the remainder when ((k - -3) + 8)/1 is divided by q?
2
Let o = 29 + -3. Suppose 2*d + z - 89 = 0, -3*z - 8 = 2*d - 95. What is the remainder when d is divided by o?
19
What is the remainder when 84378/1372*(-44)/(-6) is divided by 23?
14
Let i(a) = a**2 + 6*a + 7. Suppose -23 = -3*v - 8, 2*h + 22 = 2*v. Let q be i(h). Suppose 83 = -q*y + 370. Calculate the remainder when y is divided by 14.
13
Suppose -1139 = 599*k - 616*k. Calculate the remainder when k is divided by 24.
19
Let z(j) = 8*j**3 - 112*j**2 + 16*j + 21. Calculate the remainder when 5144 is divided by z(14).
244
Suppose 4*r - 21 = -3*r. Let a(x) = -5*x**2 + 4*x**2 + 0*x**3 - 11*x + x**r + 6*x**2 - 15. Calculate the remainder when a(-6) is divided by 9.
6
Let y = 118 - -120. Let w = 9662 - 9613. What is the remainder when y is divided by w?
42
Let c(l) = l**2 - 18*l - 175. What is the remainder when 1136 is divided by c(-8)?
14
Suppose 0 = 45*v - 40*v - 65. Suppose -3*c - 222 = -3*r, -4*r + 296 = -v*c + 15*c. Calculate the remainder when 514 is divided by r.
70
Suppose 10*d - 46 - 14 = 0. Suppose -d*x - 2700 = -24*x. What is the remainder when x is divided by 16?
6
Let r = -1252 - -3435. Suppose -31*n + r = 6*n. Calculate the remainder when n is divided by 19.
2
Let j(k) = 2253*k + 9299. Calculate the remainder when j(-3) is divided by 116.
104
Let n = 4242 + -4182. What is the remainder when 2458 is divided by n?
58
Suppose 0 = -19*g - 116*g + 62617 - 15367. What is the remainder when g is divided by 121?
108
Let g(l) = -l**2 + 23*l - 88. Suppose 21 = -p + 100. What is the remainder when p is divided by g(17)?
9
Let t = 1586 + -2258. Let n = t - -690. What is the remainder when 466 is divided by n?
16
Suppose -48 + 37 = -o. Suppose -o*i + 0*i = -231. Calculate the remainder when 55 is divided by i.
13
Let o = -3003 + 3216. Calculate the remainder when 439 is divided by o.
13
Let o(b) = 5*b - 23. Let k = 32 - 26. Let x be o(k). Suppose -4*y + 187 = 3*w, y - x - 41 = -w. Calculate the remainder when y is divided by 9.
7
Suppose -5*w - 3*s + 149 = 28, 156 = 4*w - 5*s. What is the remainder when 6321 is divided by w?
28
Let b(o) = o**2 - 3*o - 31. Suppose -4*l - 134 = -110. What is the remainder when 205 is divided by b(l)?
21
Suppose g - 657 = 5*i, 6*i + 1907 = 3*g + 7*i. Let c = 706 - g. Calculate the remainder when c is divided by 40.
29
Let r = -31549 + 31617. What is the remainder when 14415 is divided by r?
67
Let q = 145 - 86. What is the remainder when q is divided by (1 + -2)*(-18 - (0 + 3))?
17
Let d(b) = 2*b + 4 + 2 - 13 - 16. Let r be d(14). Suppose 4*v + 0*l - 38 = r*l, 2*l - 3 = -v. What is the remainder when 11 is divided by v?
4
Let z(r) = r**3 - 25*r**2 - 182*r - 9. Calculate the remainder when z(31) is divided by 24.
19
Let f(v) = 24*v - 111. Let o be f(12). Suppose 0 = 10*z - o - 33. Calculate the remainder when 230 is divided by z.
20
Suppose -4*y - 12 = -6*y. Let j be (-2 + (-124)/y)*(-9)/6. Suppose 0 = -5*c + 2*q - 3*q + 212, c = -3*q + j. Calculate the remainder when c is divided by 22.
21
Let d = -20 - -71. Calculate the remainder when 306*(-32)/(-4800)*25 is divided by d.
0
Let f(p) = p**2 - 9*p + 8. Let j be f(6). Calculate the remainder when 82 is divided by (36/j)/(-3*1/15).
10
What is the remainder when -1 + (-2008)/(-14) - (-12)/(-28) is divided by 75?
67
Let a(y) = -2*y + 184. Let g be a(35). Suppose -3*r = -j + 26, 5*j - g = -0*j - r. Calculate the remainder when 2*65/2 + 0 is divided by j.
19
Let p = -39 - 175. Let y = p - -245. Suppose 0 = -4*s + 3*s + 8. What is the remainder when y is divided by s?
7
Suppose 102 = -3*o + 6*o. Suppose 0 = l - 2*l + 4. Suppose 0 = l*q + 4*g - 260, -q = g + g - 65. Calculate the remainder when q is divided by o.
31
Suppose 4*g = 105*p - 104*p + 13, -17 = -3*p - 2*g. Calculate the remainder when 31 is divided by p.
1
Suppose 73*c - 92*c + 1083 = 0. Suppose 5*m = -15, -2*j - 20 = 2*m + 16. Let t = j + 30. What is the remainder when c is divided by t?
12
Let c be 0 - 0 - 0 - (-320)/64. Suppose -2*j + 3*b - c*b = -8, -8 = 2*b. Calculate the remainder when 173 is divided by j.
5
Let q(r) = -18*r + 266. Let u be q(14). Suppose -u*v = -149 - 47. What is the remainder when 93 is divided by v?
9
Let h(g) = -g**3 + 7*g**2 - 4*g + 3. Let u(y) = 6*y**2 + 9*y + 87. Calculate the remainder when u(-5) is divided by h(5).
27
Let p(o) be the third derivative of o**5/60 - 25*o**4/24 + 64*o**3/3 + 47*o**2. Calculate the remainder when p(19) is divided by 4*(-3)/((-6)/4).
6
Suppose 8*q + 4*q - 408 = 0. Let h = q - 17. What is the remainder when 66 is divided by h?
15
Let z = -7051 + 7381. Calculate the remainder when 345 is divided by z.
15
Let p = -50 + 52. Let r(b) = -b + b**3 + 0*b - 8 + 52*b**p + 0*b - 54*b**2. What is the remainder when r(4) is divided by 3?
2
Suppose -4 + 2 = -w. Suppose -3*p - 2*h = -5, -h - 25 = -w*p - 2*p. Suppose -2*s = -5*c - 55, c - p = 2*c. What is the remainder when 28 is divided by s?
13
Suppose -4*j = -394 + 18. Suppose j*v - 97*v + 495 = 0. Calculate the remainder when v is divided by 42.
39
Suppose 0*b - 5*b + 390 = 0. Let s = -85130 - -85514. Calculate the remainder when s is divided by b.
72
Let w = -131 + 132. Let f(s) = 151*s - 14. What is the remainder when f(w) is divided by 35?
32
Let d be ((-228)/(-30))/((-1)/5). Suppose 11*p - 10*p - 15 = 0. What is the remainder when (7 - 1)*d/(-4) is divided by p?
12
Suppose -s + 9 = -11. Suppose -5*o + 2321 = -709. Suppose -5*j = 4*y - o, j + 2*y = -3*y + 138. What is the remainder when j is divided by s?
18
Suppose -2*b + 12*r = -4548, 167*b + 2284 = 168*b + 4*r. What is the remainder when b is divided by 249?
39
Suppose -4*c + 4*i = 3*i - 376, 0 = -c - 5*i + 94. What is the remainder when 468 is divided by c?
92
Suppose 0 = 2*d + 3*j - 1167, 0 = 11*d - 13*d - 4*j + 1170. Let q = d - 481. What is the remainder when q is divided by 35?
28
Suppose 2*k + 